{"id":1075,"date":"2024-11-14T13:01:03","date_gmt":"2024-11-14T12:01:03","guid":{"rendered":"https:\/\/erasmus-hdh.de\/projekt2024\/?page_id=1075"},"modified":"2025-02-21T10:32:21","modified_gmt":"2025-02-21T09:32:21","slug":"erasmus-de","status":"publish","type":"page","link":"https:\/\/erasmus-hdh.de\/projekt2024\/erasmus-de\/","title":{"rendered":"Erasmus + (DE)"},"content":{"rendered":"\n<p>Zuerst m\u00f6chten wir Erasmus + danken, weil wir dank ihnen kostenlos reisen k\u00f6nnen und eine besondere Erfahrung gemacht haben. Wir k\u00f6nnen verschiedene Kulturen auf der ganzen Welt erleben, in unserem Fall in Deutschland und auf La R\u00e9union. Man trifft neue Leute, schlie\u00dft Freundschaften und lernt W\u00f6rter in anderen Sprachen. Das war wirklich eine tolle Erfahrung f\u00fcr uns. Es ist wichtig, \u00fcber Erasmus + zu sprechen, weil sie das Projekt finanzieren, sodass wir keine Kosten \u00fcbernehmen m\u00fcssen. Sie geben uns die Chance, neue Dinge zu sehen, ohne daf\u00fcr Geld auszugeben. Aber die Frage ist, warum wir \u00fcberhaupt reisen k\u00f6nnen, und die Antwort ist:<br>Wir k\u00f6nnen reisen dank der Fortschritte im Transportwesen, internationalen Abkommen wie dem Schengen-Raum, der entwickelten Infrastruktur, dem Wirtschaftswachstum und digitalen Tools, die die Planung und Navigation erleichtern. Diese Faktoren machen Reisen weltweit schneller, einfacher und zug\u00e4nglicher.<br>Wir mochten unser Projekt, weil es f\u00fcr uns wirklich interessant war. Wir erstellten ein Kochbuch in Form einer Website und f\u00fcgten viele Gerichte aus zwei Kulturen hinzu. F\u00fcr uns waren das schw\u00e4bische und kreolische Gerichte.<\/p>\n\n\n\n<p>W\u00e4hrend der Reise hatten wir die Gelegenheit, an den folgenden Aktivit\u00e4ten teilzunehmen:<\/p>\n\n\n\n<ul class=\"wp-block-list\">\n<li><a href=\"https:\/\/erasmus-hdh.de\/projekt2024\/schloss-neuschwanstein\/\" data-type=\"post\" data-id=\"2321\">Schloss Neuschwanstein<\/a><\/li>\n\n\n\n<li><a href=\"https:\/\/erasmus-hdh.de\/projekt2024\/highline179de\/\" data-type=\"post\" data-id=\"2311\">Highline 179<\/a><\/li>\n\n\n\n<li><a href=\"https:\/\/erasmus-hdh.de\/projekt2024\/mercedes-benz-de\/\" data-type=\"post\" data-id=\"2406\">Mercedes-Benz Museum<\/a><\/li>\n\n\n\n<li><a href=\"https:\/\/erasmus-hdh.de\/projekt2024\/tag-kochen\/\" data-type=\"post\" data-id=\"2379\">Kochtag<\/a><\/li>\n\n\n\n<li><a href=\"https:\/\/erasmus-hdh.de\/projekt2024\/unsere-arbeit-in-deutschland\/\" data-type=\"post\" data-id=\"2375\">Aufenthalt in Deutschland<\/a><\/li>\n\n\n\n<li><a href=\"https:\/\/erasmus-hdh.de\/projekt2024\/eindrucke-der-deutschen-teilnehmer\/\" data-type=\"post\" data-id=\"2259\">Eindr\u00fccke der deutschen Teilnehmer<\/a><\/li>\n<\/ul>\n\n\n\n<figure class=\"wp-block-image size-large\"><img fetchpriority=\"high\" decoding=\"async\" width=\"1024\" height=\"771\" src=\"https:\/\/erasmus-hdh.de\/projekt2024\/wp-content\/uploads\/2025\/02\/WhatsApp-Bild-2025-02-21-um-09.39.10_7b5bbc76-1024x771.jpg\" alt=\"\" class=\"wp-image-2442\" srcset=\"https:\/\/erasmus-hdh.de\/projekt2024\/wp-content\/uploads\/2025\/02\/WhatsApp-Bild-2025-02-21-um-09.39.10_7b5bbc76-1024x771.jpg 1024w, https:\/\/erasmus-hdh.de\/projekt2024\/wp-content\/uploads\/2025\/02\/WhatsApp-Bild-2025-02-21-um-09.39.10_7b5bbc76-300x226.jpg 300w, https:\/\/erasmus-hdh.de\/projekt2024\/wp-content\/uploads\/2025\/02\/WhatsApp-Bild-2025-02-21-um-09.39.10_7b5bbc76-768x578.jpg 768w, https:\/\/erasmus-hdh.de\/projekt2024\/wp-content\/uploads\/2025\/02\/WhatsApp-Bild-2025-02-21-um-09.39.10_7b5bbc76-1536x1156.jpg 1536w, https:\/\/erasmus-hdh.de\/projekt2024\/wp-content\/uploads\/2025\/02\/WhatsApp-Bild-2025-02-21-um-09.39.10_7b5bbc76-982x739.jpg 982w, https:\/\/erasmus-hdh.de\/projekt2024\/wp-content\/uploads\/2025\/02\/WhatsApp-Bild-2025-02-21-um-09.39.10_7b5bbc76.jpg 1600w\" sizes=\"(max-width: 1024px) 100vw, 1024px\" \/><\/figure>\n","protected":false},"excerpt":{"rendered":"<p>Zuerst m\u00f6chten wir Erasmus + danken, weil wir dank ihnen kostenlos reisen k\u00f6nnen und eine besondere Erfahrung gemacht haben. Wir k\u00f6nnen verschiedene Kulturen auf der ganzen Welt erleben, in unserem Fall in Deutschland und auf La R\u00e9union. Man trifft neue Leute, schlie\u00dft Freundschaften und lernt W\u00f6rter in anderen Sprachen. Das war wirklich eine tolle Erfahrung&hellip; <a href=\"https:\/\/erasmus-hdh.de\/projekt2024\/erasmus-de\/\" class=\"more-link\">Continue reading <span class=\"screen-reader-text\">Erasmus + (DE)<\/span><\/a><\/p>\n","protected":false},"author":1,"featured_media":0,"parent":0,"menu_order":0,"comment_status":"closed","ping_status":"closed","template":"","meta":{"footnotes":""},"class_list":["post-1075","page","type-page","status-publish","hentry"],"_links":{"self":[{"href":"https:\/\/erasmus-hdh.de\/projekt2024\/wp-json\/wp\/v2\/pages\/1075","targetHints":{"allow":["GET"]}}],"collection":[{"href":"https:\/\/erasmus-hdh.de\/projekt2024\/wp-json\/wp\/v2\/pages"}],"about":[{"href":"https:\/\/erasmus-hdh.de\/projekt2024\/wp-json\/wp\/v2\/types\/page"}],"author":[{"embeddable":true,"href":"https:\/\/erasmus-hdh.de\/projekt2024\/wp-json\/wp\/v2\/users\/1"}],"replies":[{"embeddable":true,"href":"https:\/\/erasmus-hdh.de\/projekt2024\/wp-json\/wp\/v2\/comments?post=1075"}],"version-history":[{"count":9,"href":"https:\/\/erasmus-hdh.de\/projekt2024\/wp-json\/wp\/v2\/pages\/1075\/revisions"}],"predecessor-version":[{"id":2485,"href":"https:\/\/erasmus-hdh.de\/projekt2024\/wp-json\/wp\/v2\/pages\/1075\/revisions\/2485"}],"wp:attachment":[{"href":"https:\/\/erasmus-hdh.de\/projekt2024\/wp-json\/wp\/v2\/media?parent=1075"}],"curies":[{"name":"wp","href":"https:\/\/api.w.org\/{rel}","templated":true}]}}